156
What is -13 (base 9) in base 14?
-c
Convert 26 (base 8) to base 4.
112
What is 8 (base 11) in base 4?
20
87 (base 10) to base 2
1010111
13 (base 4) to base 10
7
Convert -1052 (base 6) to base 7.
-503
Convert -286 (base 10) to base 15.
-141
-234 (base 9) to base 8
-301
Convert -1 (base 9) to base 7.
-1
Convert 28 (base 16) to base 5.
130
-14 (base 14) to base 10
-18
Convert 305 (base 7) to base 6.
412
1 (base 5) to base 4
1
Convert -7 (base 10) to base 12.
-7
Convert 0 (base 2) to base 13.
0
What is 101 (base 15) in base 11?
196
26 (base 11) to base 3
1001
-34 (base 5) to base 16
-13
-10 (base 4) to base 5
-4
0 (base 15) to base 2
0
-3 (base 4) to base 5
-3
10 (base 4) to base 14
4
5 (base 9) to base 10
5
Convert 10 (base 13) to base 14.
d
25 (base 6) to base 4
101
74 (base 8) to base 9
66
What is -200 (base 3) in base 6?
-30
1013 (base 4) to base 3
2122
What is -6 (base 8) in base 15?
-6
Convert -102 (base 3) to base 14.
-b
Convert -2 (base 3) to base 6.
-2
Convert 7 (base 15) to base 7.
10
What is -22 (base 4) in base 13?
-a
What is -4 (base 8) in base 10?
-4
Convert -2110 (base 3) to base 14.
-4a
What is 12 (base 16) in base 6?
30
What is 10 (base 6) in base 4?
12
What is -66 (base 14) in base 16?
-5a
-101 (base 5) to base 12
-22
What is 3 (base 5) in base 11?
3
What is -16 (base 10) in base 11?
-15
-22210 (base 3) to base 6
-1033
What is -61 (base 9) in base 6?
-131
Convert -3 (base 9) to base 13.
-3
Convert -20 (base 3) to base 8.
-6
What is -7 (base 15) in base 16?
-7
1 (base 10) to base 2
1
Convert 11001101 (base 2) to base 3.
21121
What is 236 (base 8) in base 15?
a8
What is 88 (base 14) in base 11?
aa
-3 (base 4) to base 3
-10
Convert -68 (base 9) to base 7.
-116
What is 123 (base 8) in base 13?
65
-10210 (base 3) to base 6
-250
What is -113 (base 4) in base 10?
-23
-3 (base 11) to base 4
-3
What is -10 (base 12) in base 2?
-1100
What is 0 (base 11) in base 13?
0
Convert 8 (base 15) to base 5.
13
What is -a (base 11) in base 5?
-20
What is 8 (base 12) in base 2?
1000
What is 14 (base 8) in base 7?
15
-1 (base 2) to base 12
-1
Convert -1 (base 5) to base 2.
-1
-fd (base 16) to base 4
-3331
Convert -7 (base 10) to base 5.
-12
What is 5 (base 6) in base 10?
5
-10 (base 2) to base 16
-2
What is 2 (base 3) in base 4?
2
Convert 171 (base 8) to base 2.
1111001
Convert -1 (base 7) to base 14.
-1
1 (base 4) to base 7
1
330 (base 5) to base 4
1122
Convert -41 (base 16) to base 8.
-101
17 (base 13) to base 11
19
42 (base 12) to base 5
200
What is -13 (base 8) in base 11?
-10
-276 (base 8) to base 11
-163
15 (base 14) to base 3
201
1 (base 5) to base 7
1
Convert -1000 (base 2) to base 10.
-8
Convert 2 (base 11) to base 15.
2
What is -4 (base 10) in base 8?
-4
What is -46 (base 10) in base 12?
-3a
Convert -2200 (base 3) to base 4.
-1020
What is -124 (base 10) in base 6?
-324
-10 (base 2) to base 4
-2
3 (base 5) to base 12
3
What is -72 (base 8) in base 4?
-322
Convert 104 (base 8) to base 7.
125
What is -2 (base 5) in base 7?
-2
What is -42 (base 6) in base 12?
-22
Convert 0 (base 13) to base 12.
0
-352 (base 7) to base 5
-1214
Convert 33 (base 5) to base 13.
15
What is -151 (base 11) in base 13?
-108
1b (base 13) to base 5
44
-2d (base 15) to base 7
-61
Convert 1122 (base 4) to base 5.
330
What is -1 (base 5) in base 6?
-1
3 (base 6) to base 10
3
-29 (base 11) to base 4
-133
-14 (base 8) to base 9
-13
What is 3 (base 10) in base 14?
3
-2 (base 11) to base 3
-2
What is -9 (base 10) in base 9?
-10
Convert 14 (base 5) to base 4.
21
7 (base 11) to base 10
7
-35 (base 10) to base 7
-50
-11 (base 12) to base 2
-1101
What is 16 (base 11) in base 5?
32
What is 7 (base 14) in base 8?
7
-14 (base 13) to base 16
-11
What is -5 (base 6) in base 11?
-5
What is -101 (base 3) in base 10?
-10
-3 (base 12) to base 4
-3
What is 4 (base 16) in base 8?
4
What is 101010000 (base 2) in base 14?
1a0
Convert 4 (base 14) to base 15.
4
Convert 0 (base 16) to base 4.
0
Convert 142 (base 6) to base 16.
3e
What is 14 (base 11) in base 3?
120
204 (base 9) to base 5
1131
1 (base 5) to base 10
1
Convert -39 (base 13) to base 5.
-143
What is -82 (base 9) in base 11?
-68
What is 17 (base 16) in base 3?
212
-221 (base 4) to base 13
-32
Convert a (base 15) to base 8.
12
Convert 135 (base 14) to base 12.
183
What is 53 (base 16) in base 3?
10002
Convert -18 (base 13) to base 3.
-210
Convert -12 (base 12) to base 16.
-e
-1001 (base 3) to base 10
-28
Convert -2 (base 15) to base 10.
-2
-11 (base 5) to base 8
-6
Convert -10 (base 7) to base 2.
-111
-201 (base 3) to base 6
-31
What is 100 (base 2) in base 10?
4
What is -122 (base 3) in base 10?
-17
Convert 120 (base 8) to base 3.
2222
Convert -3b (base 13) to base 5.
-200
What is -12 (base 4) in base 2?
-110
-1 (base 16) to base 15
-1
Convert -1 (base 3) to base 2.
-1
1 (base 14) to base 8
1
Convert -9 (base 13) to base 4.
-21
What is 5 (base 15) in base 4?
11
Convert -214 (base 6) to base 12.
-6a
Convert -4 (base 9) to base 15.
-4
Convert b (base 15) to base 2.
1011
What is -11 (base 3) in base 16?
-4
Convert -6 (base 16) to base 7.
-6
Convert 1 (base 5) to base 6.
1
-115 (base 7) to base 4
-331
Convert 37 (base 10) to base 16.
25
Convert 11110101 (base 2) to base 7.
500
Convert 13 (base 10) to base 16.
d
What is -1011 (base 2) in base 9?
-12
What is 3 (base 16) in base 8?
3
114 (base 7) to base 6
140
What is 61 (base 9) in base 12?
47
What is -2 (base 13) in base 12?
-2
Convert 27 (base 9) to base 3.
221
3 (base 8) to base 4
3
4 (base 8) to base 4
10
Convert 0 (base 2) to base 3.
0
1 (base 10) to base 13
1
What is -7 (base 9) in base 6?
-11
Convert -4 (base 11) to base 13.
-4
-1 (base 9) to base 15
-1
-5 (base 14) to base 12
-5
124 (base 5) to base 2
100111
0 (base 13) to base 12
0
-79 (base 14) to base 5
-412
100 (base 2) to base 13
4
153 (base 9) to base 6
333
Convert -101 (base 2) to base 9.
-5
1 (base 15) to base 13
1
What is -39 (base 16) in base 9?
-63
143 (base 5) to base 2
110000
Convert -3 (base 16) to base 11.
-3
What is -10 (base 15) in base 14?
-11
-353 (base 8) to base 11
-1a4
What is 1 (base 13) in base 6?
1
What is -2 (base 5) in base 16?
-2
-26 (base 10) to base 9
-28
1 (base 13) to base 3
1
What is 23 (base 12) in base 15?
1c
What is 0 (base 14) in base 5?
0
Convert 2011 (base 3) to base 6.
134
75 (base 13) to base 16
60
-11 (base 10) to base 7
-14
What is -15 (base 8) in base 13?
-10
Convert -130 (base 5) to base 9.
-44
2130 (base 4) to base 13
c0
Convert -100 (base 2) to base 15.
-4
What is 2 (base 16) in base 9?
2
What is 278 (base 11) in base 3?
110010
-233 (base 4) to base 8
-57
What is -101 (base 3) in base 11?
-a
43 (base 14) to base 7
113
What is 3 (base 10) in base 15?
3
What is -d (base 15) in base 14?
-d
4 (base 5) to base 14
4
Convert -57 (base 10) to base 6.
-133
What is -12 (base 10) in base 2?
-1100
What is -120 (base 11) in base 3?
-12022
What is 11011 (base 2) in base 3?
1000
-4 (base 12) to base 14
-4
Convert 3 (base 4) to base 2.
11
What is -56 (base 12) in base 9?
-73
Convert 1110000 (base 2) to base 15.
77
What is -124 (base 11) in base 2?
-10010011
Convert -11000110 (base 2) to base 15.
-d3
What is -4 (base 9) in base 15?
-4
Convert -3 (base 7) to base 3.
-10
Convert -124 (base 5) to base 4.
-213
What is -105 (base 8) in base 7?
-126
What is 4 (base 13) in base 10?
4
What is 1001 (base 2) in base 9?
10
What is -1d (base 16) in base 8?
-35
What is -6b (base 12) in base 5?
-313
Convert -1 (base 4) to base 9.
-1
What is 14 (base 11) in base 5?
30
Convert 1 (base 12) to base 5.
1
5 (base 15) to base 16
5
What is -11 (base 16) in base 2?
-10001
Convert 17 (base 12) to base 13.
16
What is -58 (base 10) in base 12?
-4a
What is -150 (base 10) in base 5?
-1100
Convert 16 (base 7) to base 16.
d
Convert 2 (base 7) to base 11.
2
Convert -220 (base 3) to base 5.
-44
What is 17 (base 10) in base 15?
12
What is -74 (base 14) in base 15?
-6c
What is -43 (base 16) in base 15?
-47
What is 1 (base 12) in base 11?
1
What is 26 (base 9) in base 3?
220
What is -2 (base 6) in base 12?
-2
-100 (base 2) to base 14
-4
What is c (base 15) in base 11?
11
Convert 442 (base 5) to base 11.
101
Convert -13 (base 8) to base 3.
-102
32 (base 5) to base 15
12
-5 (base 16) to base 11
-5
-12 (base 8) to base 13
-a
What is 2 